 is the millions digit of 1367427?
1
What is the hundred thousands digit of 475287?
4
What is the hundreds digit of 30057?
0
What is the units digit of 664329?
9
What is the thousands digit of 13842?
3
What is the units digit of 97776?
6
What is the units digit of 68034?
4
What is the ten thousands digit of 309555?
0
What is the units digit of 2551141?
1
What is the ten millions digit of 18459059?
1
What is the hundred thousands digit of 1101502?
1
What is the thousands digit of 7586527?
6
What is the hundred thousands digit of 12290160?
2
What is the ten thousands digit of 195778?
9
What is the tens digit of 10154094?
9
What is the hundred thousands digit of 103511?
1
What is the hundred thousands digit of 2615654?
6
What is the tens digit of 1230591?
9
What is the hundred thousands digit of 2041135?
0
What is the units digit of 513185?
5
What is the ten thousands digit of 9986584?
8
What is the ten thousands digit of 2259527?
5
What is the ten thousands digit of 292866?
9
What is the ten thousands digit of 3562013?
6
What is the thousands digit of 282280?
2
What is the hundred thousands digit of 977531?
9
What is the millions digit of 7950347?
7
What is the ten thousands digit of 3571249?
7
What is the thousands digit of 5248150?
8
What is the hundreds digit of 9788885?
8
What is the thousands digit of 24606811?
6
What is the thousands digit of 7281109?
1
What is the hundreds digit of 630280?
2
What is the hundreds digit of 567658?
6
What is the hundreds digit of 175388?
3
What is the tens digit of 1891636?
3
What is the ten thousands digit of 284241?
8
What is the thousands digit of 2220924?
0
What is the hundreds digit of 1900123?
1
What is the tens digit of 243693?
9
What is the hundreds digit of 346338?
3
What is the hundred thousands digit of 244564?
2
What is the tens digit of 1991866?
6
What is the units digit of 477775?
5
What is the hundreds digit of 335912?
9
What is the hundred thousands digit of 504729?
5
What is the hundred thousands digit of 10044205?
0
What is the millions digit of 9788663?
9
What is the units digit of 167778?
8
What is the tens digit of 1848726?
2
What is the ten thousands digit of 1873842?
7
What is the hundreds digit of 4794224?
2
What is the hundreds digit of 58024?
0
What is the thousands digit of 146377?
6
What is the hundred thousands digit of 119914?
1
What is the thousands digit of 418248?
8
What is the hundred thousands digit of 440048?
4
What is the hundreds digit of 5920?
9
What is the units digit of 130384?
4
What is the thousands digit of 481106?
1
What is the tens digit of 159585?
8
What is the ten thousands digit of 11279177?
7
What is the hundreds digit of 491613?
6
What is the tens digit of 83663?
6
What is the hundreds digit of 206739?
7
What is the thousands digit of 19993?
9
What is the units digit of 13083489?
9
What is the hundreds digit of 888152?
1
What is the tens digit of 409915?
1
What is the hundreds digit of 1134629?
6
What is the millions digit of 3465424?
3
What is the ten thousands digit of 30682748?
8
What is the hundred thousands digit of 197875?
1
What is the units digit of 270058?
8
What is the thousands digit of 91863?
1
What is the tens digit of 3283241?
4
What is the tens digit of 325030?
3
What is the units digit of 1328515?
5
What is the hundred thousands digit of 544191?
5
What is the units digit of 5441504?
4
What is the thousands digit of 168692?
8
What is the thousands digit of 4345411?
5
What is the ten thousands digit of 5823467?
2
What is the ten thousands digit of 17186957?
8
What is the thousands digit of 581228?
1
What is the ten thousands digit of 74131?
7
What is the ten thousands digit of 1089573?
8
What is the units digit of 5550991?
1
What is the units digit of 61196?
6
What is the tens digit of 142885?
8
What is the thousands digit of 397244?
7
What is the tens digit of 21464847?
4
What is the units digit of 57973?
3
What is the hundred thousands digit of 527323?
5
What is the millions digit of 10565259?
0
What is the thousands digit of 3223619?
3
What is the millions digit of 6667892?
6
What is the ten thousands digit of 33199851?
9
What is the hundreds digit of 173337?
3
What is the thousands digit of 95792?
5
What is the thousands digit of 12562116?
2
What is the units digit of 43820?
0
What is the ten thousands digit of 222885?
2
What is the tens digit of 6132680?
8
What is the millions digit of 1066798?
1
What is the thousands digit of 2039544?
9
What is the ten thousands digit of 3107770?
0
What is the hundreds digit of 751241?
2
What is the units digit of 694743?
3
What is the ten thousands digit of 273481?
7
What is the hundred thousands digit of 332795?
3
What is the thousands digit of 304513?
4
What is the ten thousands digit of 3966015?
6
What is the hundreds digit of 74524?
5
What is the hundred thousands digit of 421243?
4
What is the hundreds digit of 6775960?
9
What is the ten millions digit of 12140432?
1
What is the ten millions digit of 18683466?
1
What is the tens digit of 3250115?
1
What is the hundreds digit of 454299?
2
What is the units digit of 885787?
7
What is the tens digit of 744839?
3
What is the hundred thousands digit of 12528828?
5
What is the thousands digit of 6476?
6
What is the hundred thousands digit of 1651429?
6
What is the hundreds digit of 752353?
3
What is the units digit of 56639?
9
What is the units digit of 712791?
1
What is the hundreds digit of 297430?
4
What is the millions digit of 2955521?
2
What is the hundred thousands digit of 1146387?
1
What is the hundreds digit of 489832?
8
What is the units digit of 105337?
7
What is the hundred thousands digit of 158527?
1
What is the units digit of 8765721?
1
What is the hundred thousands digit of 198923?
1
What is the thousands digit of 13961956?
1
What is the hundreds digit of 947964?
9
What is the millions digit of 1686468?
1
What is the hundreds digit of 3898666?
6
What is the hundred thousands digit of 411748?
4
What is the hundreds digit of 301332?
3
What is the units digit of 11016702?
2
What is the ten thousands digit of 904606?
0
What is the millions digit of 7165155?
7
What is the hundred thousands digit of 175670?
1
What is the hundred thousands digit of 4804483?
8
What is the units digit of 870862?
2
What is the hundreds digit of 5882061?
0
What is the thousands digit of 5006805?
6
What is the hundreds digit of 6636449?
4
What is the hundred thousands digit of 203561?
2
What is the thousands digit of 2554689?
4
What is the thousands digit of 324212?
4
What is the thousands digit of 143852?
3
What is the thousands digit of 729955?
9
What is the thousands digit of 328417?
8
What is the ten thousands digit of 1070196?
7
What is the tens digit of 11068457?
5
What is the hundred thousands digit of 1107299?
1
What is the tens digit of 161452?
5
What is the units digit of 24327076?
6
What is the ten thousands digit of 397584?
9
What is the units digit of 587254?
4
What is the ten thousands digit of 1237624?
3
What is the tens digit of 57203?
0
What is the hundreds digit of 917302?
3
What is the thousands digit of 139254?
9
What is the hundred thousands digit of 1734852?
7
What is the hundred thousands digit of 711750?
7
What is the hundreds digit of 832582?
5
What is the hundred thousands digit of 470977?
4
What is the tens digit of 199244?
4
What is the hundred thousands digit of 116071?
1
What is the millions digit of 2780481?
2
What is the hundred thousands digit of 1383984?
3
What is the hundreds digit of 587623?
6
What is the tens digit of 714217?
1
What is the hundred thousands digit of 2639561?
6
What is the thousands digit of 26017?
6
What is the hundred thousands digit of 392205?
3
What is the thousands digit of 44071?
4
What is the units digit of 35837?
7
What is the units digit of 6206379?
9
What is the ten thousands digit of 66818?
6
What is the tens digit of 39625?
2
What is the hundred thousands digit of 396335?
3
What is the hundred thousands digit of 612443?
6
What is the millions digit of 1233772?
1
What is the thousands digit of 1110770?
0
What is the hundreds digit of 173442?
4
What is the tens digit of 2150245?
4
What is the ten thousands digit of 360555?
6
What is the thousands digit of 555739?
5
What is the hundreds digit of 77738